{"id":65,"date":"2020-12-28T17:45:36","date_gmt":"2020-12-28T16:45:36","guid":{"rendered":"http:\/\/lernzirkel-nachhilfe.de\/?page_id=65"},"modified":"2020-12-28T17:45:36","modified_gmt":"2020-12-28T16:45:36","slug":"vertragsbedingungen","status":"publish","type":"page","link":"https:\/\/lernzirkel-nachhilfe.de\/?page_id=65","title":{"rendered":"Vertragsbedingungen"},"content":{"rendered":"\n<p>Faire Vertr\u00e4ge &#8211; Beste Qualit\u00e4t<\/p>\n\n\n\n<ol class=\"wp-block-list\"><li>Unsere Vertr\u00e4ge haben keine Mindestlaufzeit . Sie k\u00f6nnen die Nachhilfe jederzeit (vom ersten Tag an) mit einer Frist von 4 Wochen zum Monatsende k\u00fcndigen. Wir wollen Sie nicht vertraglich an uns binden, sondern durch Leistung \u00fcberzeugen. Unter Umst\u00e4nden erzielt ihr Kind nach wenigen Nachhilfestunden schon gute Ergebnisse in der Schule und braucht keine weitere Unterst\u00fctzung von uns. Lange Laufzeiten w\u00fcrde Sie unn\u00f6tig an uns binden und Sie m\u00fcssten die Beitr\u00e4ge bezahlen. Dies ist nicht f\u00f6rderlich f\u00fcr ein vertrauensvolles Verh\u00e4ltnis zwischen Ihnen und uns. Daher lehnen wir lange Vertragslaufzeiten ab.<\/li><li>Die Preise sind fixe vertraglich festgelegte monatliche Geb\u00fchren. Sie sind unabh\u00e4ngig von den in Anspruch genommenen Stunden.<\/li><li>Jede rechtzeitig entschuldigte Stunde wird selbstverst\u00e4ndlich nachgeholt.<\/li><li>Die Teilnahme kann kurzfristig z.B. vor Klassenarbeiten erh\u00f6ht werden.<\/li><li>Ein F\u00e4cherwechsel ist nach R\u00fccksprache jederzeit m\u00f6glich.<\/li><\/ol>\n\n\n\n<p><\/p>\n","protected":false},"excerpt":{"rendered":"<p>Faire Vertr\u00e4ge &#8211; Beste Qualit\u00e4t Unsere Vertr\u00e4ge haben keine Mindestlaufzeit . Sie k\u00f6nnen die Nachhilfe jederzeit (vom ersten Tag an) mit einer Frist von 4 Wochen zum Monatsende k\u00fcndigen. Wir wollen Sie nicht vertraglich an uns binden, sondern durch Leistung \u00fcberzeugen. Unter Umst\u00e4nden erzielt ihr Kind nach wenigen Nachhilfestunden schon gute Ergebnisse in der Schule &hellip; <a href=\"https:\/\/lernzirkel-nachhilfe.de\/?page_id=65\" class=\"more-link\"><span class=\"screen-reader-text\">Vertragsbedingungen<\/span> weiterlesen<\/a><\/p>\n","protected":false},"author":1,"featured_media":0,"parent":0,"menu_order":0,"comment_status":"closed","ping_status":"closed","template":"","meta":{"footnotes":""},"class_list":["post-65","page","type-page","status-publish","hentry","no-featured-image"],"_links":{"self":[{"href":"https:\/\/lernzirkel-nachhilfe.de\/index.php?rest_route=\/wp\/v2\/pages\/65","targetHints":{"allow":["GET"]}}],"collection":[{"href":"https:\/\/lernzirkel-nachhilfe.de\/index.php?rest_route=\/wp\/v2\/pages"}],"about":[{"href":"https:\/\/lernzirkel-nachhilfe.de\/index.php?rest_route=\/wp\/v2\/types\/page"}],"author":[{"embeddable":true,"href":"https:\/\/lernzirkel-nachhilfe.de\/index.php?rest_route=\/wp\/v2\/users\/1"}],"replies":[{"embeddable":true,"href":"https:\/\/lernzirkel-nachhilfe.de\/index.php?rest_route=%2Fwp%2Fv2%2Fcomments&post=65"}],"version-history":[{"count":2,"href":"https:\/\/lernzirkel-nachhilfe.de\/index.php?rest_route=\/wp\/v2\/pages\/65\/revisions"}],"predecessor-version":[{"id":76,"href":"https:\/\/lernzirkel-nachhilfe.de\/index.php?rest_route=\/wp\/v2\/pages\/65\/revisions\/76"}],"wp:attachment":[{"href":"https:\/\/lernzirkel-nachhilfe.de\/index.php?rest_route=%2Fwp%2Fv2%2Fmedia&parent=65"}],"curies":[{"name":"wp","href":"https:\/\/api.w.org\/{rel}","templated":true}]}}