{"id":69,"date":"2020-12-28T17:39:39","date_gmt":"2020-12-28T16:39:39","guid":{"rendered":"http:\/\/lernzirkel-nachhilfe.de\/?page_id=69"},"modified":"2021-02-13T17:31:48","modified_gmt":"2021-02-13T16:31:48","slug":"nachhilfelehrer","status":"publish","type":"page","link":"https:\/\/lernzirkel-nachhilfe.de\/?page_id=69","title":{"rendered":"Unsere Nachhilfelehrer"},"content":{"rendered":"\n<p>Unser Lernzirkel-Team besteht aus erfahrenen und motivierten Nachhilfelehrern.<\/p>\n\n\n\n<p>Unsere Lehrkr\u00e4fte sind aktive oder pensionierte Lehrer, Studenten, Referendare und Akademiker verschiedener Berufsgruppen.<\/p>\n\n\n\n<p>Neben der fachlichen Kompetenz haben unsere Lehrkr\u00e4fte p\u00e4dagogische Erfahrung im Umgang mit Kindern und Jugendlichen.<\/p>\n\n\n\n<p>Daher k\u00f6nnen sich unsere Nachhilfelehrer besonders in Situationen der Sch\u00fcler\/innen hineinversetzen, ihre Probleme verstehen und Vertrauen schaffen.<\/p>\n\n\n\n<p>So k\u00f6nnen sie ihr bestes geben, um den Sch\u00fclern\/innen den Unterrichtsstoff verst\u00e4ndlich zu vermitteln, um eine optimale F\u00f6rderung zu gew\u00e4hrleisten.<\/p>\n","protected":false},"excerpt":{"rendered":"<p>Unser Lernzirkel-Team besteht aus erfahrenen und motivierten Nachhilfelehrern. Unsere Lehrkr\u00e4fte sind aktive oder pensionierte Lehrer, Studenten, Referendare und Akademiker verschiedener Berufsgruppen. Neben der fachlichen Kompetenz haben unsere Lehrkr\u00e4fte p\u00e4dagogische Erfahrung im Umgang mit Kindern und Jugendlichen. Daher k\u00f6nnen sich unsere Nachhilfelehrer besonders in Situationen der Sch\u00fcler\/innen hineinversetzen, ihre Probleme verstehen und Vertrauen schaffen. So k\u00f6nnen &hellip; <a href=\"https:\/\/lernzirkel-nachhilfe.de\/?page_id=69\" class=\"more-link\"><span class=\"screen-reader-text\">Unsere Nachhilfelehrer<\/span> weiterlesen<\/a><\/p>\n","protected":false},"author":1,"featured_media":0,"parent":0,"menu_order":0,"comment_status":"closed","ping_status":"closed","template":"","meta":{"footnotes":""},"class_list":["post-69","page","type-page","status-publish","hentry","no-featured-image"],"_links":{"self":[{"href":"https:\/\/lernzirkel-nachhilfe.de\/index.php?rest_route=\/wp\/v2\/pages\/69","targetHints":{"allow":["GET"]}}],"collection":[{"href":"https:\/\/lernzirkel-nachhilfe.de\/index.php?rest_route=\/wp\/v2\/pages"}],"about":[{"href":"https:\/\/lernzirkel-nachhilfe.de\/index.php?rest_route=\/wp\/v2\/types\/page"}],"author":[{"embeddable":true,"href":"https:\/\/lernzirkel-nachhilfe.de\/index.php?rest_route=\/wp\/v2\/users\/1"}],"replies":[{"embeddable":true,"href":"https:\/\/lernzirkel-nachhilfe.de\/index.php?rest_route=%2Fwp%2Fv2%2Fcomments&post=69"}],"version-history":[{"count":3,"href":"https:\/\/lernzirkel-nachhilfe.de\/index.php?rest_route=\/wp\/v2\/pages\/69\/revisions"}],"predecessor-version":[{"id":155,"href":"https:\/\/lernzirkel-nachhilfe.de\/index.php?rest_route=\/wp\/v2\/pages\/69\/revisions\/155"}],"wp:attachment":[{"href":"https:\/\/lernzirkel-nachhilfe.de\/index.php?rest_route=%2Fwp%2Fv2%2Fmedia&parent=69"}],"curies":[{"name":"wp","href":"https:\/\/api.w.org\/{rel}","templated":true}]}}